ided by (76/n)/(16/48)?
36
Suppose 12*g = 52*g - 5160. Calculate the remainder when g is divided by 11.
8
Calculate the remainder when 2/(-15) - 3340/(-300) is divided by 1.
0
Suppose 2*o - 3*o - 19 = -r, -2*o + 64 = 4*r. Suppose -11*p - 5*t + 415 = -6*p, 2*p - 159 = 5*t. What is the remainder when p is divided by r?
14
Suppose -2*o - 1150 = -4*d, 0*d - 5*d = 2*o - 1442. Calculate the remainder when d is divided by 29.
27
Let d = 81 - 73. What is the remainder when 54 is divided by d?
6
What is the remainder when -9 - -8 - -3 - (-204)/1 is divided by 13?
11
Suppose 5*k + 3*y + 822 = 10*k, -2*k - 4*y = -334. What is the remainder when k is divided by 21?
18
Suppose 0 = 6*v - v - 40. Let j be 14*(-12)/14*-1. Suppose -s = -j*s + 242. What is the remainder when s is divided by v?
6
Suppose -258*m + 259*m = 95. What is the remainder when m is divided by 44?
7
Suppose -10*b = -4*b - 192. Let s = 63 - b. Calculate the remainder when 123 is divided by s.
30
Suppose 0 = -4*d - 5*q + 59, 0 = -d + q + 7 + 1. What is the remainder when (-18)/(1 - (0 + 2)) is divided by d?
7
Suppose -2*y + 5*y + 18 = 0. Let g be (-4)/y + 70/21. Suppose -g*z + 410 = z. Calculate the remainder when z is divided by 21.
19
Let f(q) = q**2 - 32*q + 159. What is the remainder when 1558 is divided by f(5)?
22
Suppose -2*t - 9 = -4*x + 29, -x + 2 = -3*t. What is the remainder when x is divided by 5?
1
Let s = -145 - -161. Let o(y) = y**3 - 4*y**2 - y - 5. Calculate the remainder when o(6) is divided by s.
13
Suppose 4*p - 203 + 127 = 0. Calculate the remainder when 263 is divided by p.
16
Suppose n = 3*j + 2*j + 21, 3*n = -j + 79. Calculate the remainder when 69 is divided by n.
17
Suppose -4*a - 38 = -150. Calculate the remainder when 54 is divided by a.
26
Suppose -74*z = -100*z + 208. What is the remainder when 115 is divided by z?
3
Let m be 6/(2 + 48/(-21)). Suppose 0 = -5*a + 3*v - 185, 2*a - v + 74 = -5*v. Let h = m - a. Calculate the remainder when 27 is divided by h.
11
Let q(j) = 6*j**2 + 8*j + 7. Let b be q(-7). Let s(g) = -6*g**3 - 2*g**2 + 3*g - 1. Let k be s(3). Let o = k + b. What is the remainder when o is divided by 25?
23
Let f = -10 + 14. Let d be (f/(-12) + 1)*3. Calculate the remainder when 9 is divided by -1 - (d - (3 + 3)).
0
Let y(p) = -30*p + 620. Calculate the remainder when y(13) is divided by 21.
20
Calculate the remainder when 35 + (-46)/529 + (-67)/23 is divided by 11.
10
Let p(o) = -o**3 + 2*o**2 - o + 48. Let k be (59 - 9)*(-4)/(-10). Let x = -10 + k. Calculate the remainder when p(0) is divided by x.
8
Suppose -4*a + 0*b = 2*b - 3692, -4*a + 3692 = b. Calculate the remainder when a is divided by 21.
20
Let q(b) = -2*b**3 + 6*b**2 - 3*b + 13. Calculate the remainder when 77 is divided by q(3).
1
Let f(c) = c**3 - 6*c**2 + 13*c - 7. Let j(b) = 8*b - 8. What is the remainder when j(7) is divided by f(4)?
9
Suppose 0 = -7*s + 134 + 55. Calculate the remainder when 212 is divided by s.
23
Let q(z) = z**3 + 22*z**2 + 79*z + 14. What is the remainder when q(-8) is divided by 93?
92
Suppose 22*u - 33*u + 308 = 0. Calculate the remainder when 3 + (-1 - -78) + -1 is divided by u.
23
Let g = -46 + 74. Suppose -c - t + 8 = -0*t, 3*c + 4*t - g = 0. Let p = 1 + 2. Calculate the remainder when c is divided by p.
1
Suppose -784 = -9*b - 5*b. Calculate the remainder when b is divided by 25.
6
Suppose 2*x + g = -25 + 84, 116 = 4*x + 4*g. Suppose 4*a - 2*a - x = 0. Suppose w - a = -2*w. What is the remainder when w is divided by 2?
1
Let d(x) = -x**3 - 2*x**2 - 2*x - 3. Let t(i) = -i**2 - 9*i + 8. Let a be t(-10). Calculate the remainder when 5 is divided by d(a).
0
Suppose 0 = -3*a + 15, -2*u + 5*a = -5*u + 106. Suppose 2*i = 19 + 11. Calculate the remainder when u is divided by i.
12
Let j = 2 + 2. Suppose -4*u = 2*x + 2*x - 36, 3 = -u - j*x. Calculate the remainder when 1/(-13) + 1 + (-3444)/(-156) is divided by u.
10
Suppose 3*k = -3*s - 18, -5*k = -3*k - 5*s - 23. Let u be -4 - (3/k - -13). What is the remainder when 57 is divided by (-13 - u)*(1 - -19)?
17
Let v = -113 - -116. Suppose v*q - 36 = -6. Calculate the remainder when 15 is divided by q.
5
Suppose -w - 3 = 3. Let b be w/(-20)*-2*-15. Suppose 4*x + 80 = b*x. Calculate the remainder when 45 is divided by x.
13
Suppose -5*x + 3*f = -133, 3*x - 5*f = -8*f + 75. Let a(b) = 49*b**3 - b. Calculate the remainder when a(1) is divided by x.
22
Suppose -4*r + 5 = t - 2*r, -2*r - 10 = -2*t. Suppose 0 = -5*o - 2*g + 65, t*o + 6*g = 3*g + 70. Calculate the remainder when (1166/o)/(2*1) is divided by 11.
9
Let h be (80/(-6) - -1)/((-1)/3). Suppose 2*b = -5*o + h, 160 = 5*b + 2*o - 3*o. Calculate the remainder when 61 is divided by b.
30
Suppose -5 = -0*b - 5*b. Let k be 16/3 - 6/18. Suppose -8 = -4*y + g, -k + b = -g. Calculate the remainder when 12 is divided by y.
0
Let p(w) be the third derivative of 2*w**5/5 + w**4/12 - w**3/6 + 6*w**2. Calculate the remainder when 49 is divided by p(1).
24
Suppose 4*c - 49 = 5*q, 2*q - 19 + 77 = 4*c. Let x(r) = -77*r + 1185. What is the remainder when x(15) is divided by c?
14
Suppose 3*y + 0*s - 2*s - 433 = 0, s + 5 = 0. Calculate the remainder when y is divided by 18.
15
Let g(t) = 3*t + 42. Let z be g(-17). What is the remainder when 34 is divided by ((-3195)/20)/z + (-1)/(-4)?
16
Let c(h) = 5*h - 24. Let g be c(8). Suppose 20*j = g*j + 92. What is the remainder when (-5)/(-5)*(-44)/(-1) is divided by j?
21
Let m(w) = 2*w**3 - 56*w**2 + 54*w + 21. What is the remainder when 31 is divided by m(27)?
10
Let d = -55 + 58. Suppose d*t = 14*t - 253. What is the remainder when 58 is divided by t?
12
Suppose -2*w + 32 = -14. What is the remainder when w is divided by 5?
3
Let i = -250 - -254. Calculate the remainder when 281 is divided by i.
1
Let u = 290 + 9. Suppose 3*a = 118 + u. What is the remainder when a is divided by 35?
34
Suppose 0 = -2*f + 2*p - 6*p + 4, 5*f - 2*p = 10. What is the remainder when 2 + (1 - -2) - 2 is divided by f?
1
Let f be (-13)/11 - 20/(-110). Calculate the remainder when 8 is divided by 70/25 - f - (-1)/5.
0
Let m = -326 + 366. What is the remainder when 132 is divided by m?
12
Calculate the remainder when (36/(-30))/((-12)/(-8190)*-3) is divided by 105.
63
Suppose -2*o = -5*x + 79, -2*o = o + 6. Suppose 11 = 5*n - 3*j - x, -3*n - 3*j = -6. What is the remainder when n is divided by 2?
0
Let h(s) = 9*s**3 + s**2 + 2*s + 2. Let g be h(-1). What is the remainder when 126 is divided by 33 + 4/g*2?
30
Let f = 55 - 38. Suppose -36*n + 33*n = -18. What is the remainder when f is divided by n?
5
Let y(b) = b**2 - 19*b + 10. Calculate the remainder when 117 is divided by y(0).
7
Suppose -3*g + 217 + 98 = 0. Let p = 85 - 134. Let h = -22 - p. Calculate the remainder when g is divided by h.
24
Suppose 13 = 2*a - 4*z - 11, 5*z = 3*a - 34. Let r(s) = 7*s - 37. What is the remainder when 169 is divided by r(a)?
17
Let w(v) = 5*v - 5. Let d be w(2). Suppose d*q - 59 = -3*z + z, 3*q + z = 35. Let y(b) = b**2 + 5*b - 5. Calculate the remainder when y(-9) is divided by q.
9
Suppose -6 + 14 = 4*u. Suppose -u*q + 4*l + 40 = 2*q, -5*q - 3*l = -50. What is the remainder when q is divided by 5?
0
Suppose -s = -3*r + 7*r - 208, -2*s + 395 = r. What is the remainder when s is divided by 9?
7
Calculate the remainder when (22 - 2)/1 - 2 is divided by (-7)/10 - (-41)/(-82) - (-122)/10.
7
Let y = 0 + 26. Suppose 0 = -43*x + 38*x + 3*n + 250, -3*x - 3*n + 126 = 0. Calculate the remainder when x is divided by y.
21
Suppose -4*n = -3*n - 16. Let t(v) = v - 4. Let c(p) = 1. Let i(w) = 6*c(w) + t(w). What is the remainder when n is divided by i(3)?
1
Let a = 265 + -258. What is the remainder when 27 is divided by a?
6
Suppose 158*l = 156*l + 74. Calculate the remainder when 181 is divided by l.
33
Let x(y) = y**3 + 6*y**2 - 3*y + 2. Let c(v) = v**2 - 19*v - 21. Let f be c(20). Calculate the remainder when (1 + (0/f - 0))*37 is divided by x(-6).
17
Suppose 4*l + 44 = -184. Let o = -32 - l. What is the remainder when 47 is divided by o?
22
Let i(v) be the third derivative of -v**6/60 + v**5/60 + v**4/8 + v**3/2 + 17*v**2. Calculate the remainder when 49 is divided by i(-2).
15
Suppose 7*l - 2*l + 165 = 0. Let q(r) = -5*r - 2. Calculate the remainder when ((-2)/(2/l))/((-9)/(-6)) is